alculate q(o).
-4
Let j(q) = q**2 + 1. Let c(h) = -7*h**3 - 1 + 6*h**3 - 3*h - h. Let y(v) = c(v) + 4*j(v). Let g(k) = k**3 + 11*k**2 - k - 8. Let b be g(-11). Calculate y(b).
0
Let v(j) = -7*j**2 - 5*j - 5. Let y(s) = -s**2. Let o(i) = -v(i) + 6*y(i). Let h be 172/(-6) - 4/(-6). Let b be 4/(-14) - (-104)/h. Give o(b).
1
Let k be 2/4*((-4 - -11) + -3). Let p(i) = 2 + 18*i**k + 1 + i**3 - i - 14*i**2. Determine p(-4).
7
Let w(y) be the first derivative of y**3 + 5*y**2/2 - 86. Calculate w(-5).
50
Let z(d) = d**2 + 8*d - 1. Let b(t) = -t**3 - 16*t**2 - 11*t + 52. Let f be b(-15). Determine z(f).
-1
Let d(b) be the third derivative of 1/60*b**5 - 7/6*b**3 + 34*b**2 + 0*b + 11/24*b**4 + 0. Determine d(-11).
-7
Let i(n) = -n**3 - 8*n**2 + 3*n - 6. Let a = 46 + -50. Let c(h) = h**3 + 8*h**2 - 4*h + 6. Let d(q) = a*c(q) - 5*i(q). Determine d(-8).
-2
Let t(r) = 4*r**2 - 5*r + 40. Let y(m) = -3*m**2 + 5*m - 40. Let b(i) = 5*t(i) + 6*y(i). Let v be b(-6). Let c(n) = n**2 - n - 1. Calculate c(v).
1
Let d(p) = -3*p**2 - 22*p + 47. Let f(s) = s**2 + 7*s - 14. Let b(x) = -2*d(x) - 7*f(x). What is b(-4)?
8
Let i(d) = -7*d + 20*d - 12*d - 11*d + 1. Calculate i(-1).
11
Let v(s) = -11*s**3 + 3*s**2 + 2*s - 2. Let k(d) = -12*d**3 + 4*d**2 + 3*d - 3. Let y(t) = 2*k(t) - 3*v(t). Calculate y(-1).
-10
Suppose -64*w = -96*w - 96. Let t(s) = 4*s**2 + 2*s**3 - 2*s**2 - 4*s - s**3 - 2. What is t(w)?
1
Let b(k) = 3*k - 7*k - 1 + 0. Let n be 3/((-4)/4) + 0 + 48. Suppose 0 = 11*p + 12 - n. Calculate b(p).
-13
Let p = -3 + 5. Let y(z) = 17*z**3 - 2*z**2 - 9*z + 6. Let o(t) = 22*t**3 - 3*t**2 - 12*t + 8. Let j(f) = 7*o(f) - 9*y(f). Give j(p).
-8
Let z(m) be the third derivative of -17*m**6/120 - m**5/30 - m**4/12 - m**3/6 + 124*m**2. Suppose d - 3*d + r = -1, 0 = -2*d + 5*r + 13. Calculate z(d).
16
Let d(u) = 2*u**2 + 12*u - 13. Suppose 34*p + 50 = 29*p. Calculate d(p).
67
Suppose 0 = -4*s - h - 4*h + 17, -16 = -4*s - 4*h. Let x(n) = s*n**2 + 2 - 6*n - 4*n**2 - 2 - 1. Calculate x(-4).
7
Let j(n) = n**3 - 2*n**2. Let l be (62/(-217))/((-1)/28). Suppose 3*y + 2*g = l + 6, -2 = 3*y - 2*g. Give j(y).
0
Let g(s) = -s**3 - 13*s**2 + s + 14. Let d(k) = -k**2 + 3*k - 1. Let t(z) = 3*d(z) - g(z). Determine t(-9).
-8
Let f be (-300)/35 - (-24)/42. Let l(p) = -p + 3. Calculate l(f).
11
Let a(f) be the first derivative of 1/2*f**2 - 35 - f - 16/3*f**3. What is a(1)?
-16
Suppose -p - 470 = -461. Let o(d) = d**3 + 8*d**2 - 10*d - 9. Give o(p).
0
Let p(d) = -d**3 + 8*d**2 - 7*d - 6. Let m(f) = -f**2 - 13*f + 7. Suppose -5*q = -0*q + 130. Let o = -39 - q. Let v be m(o). Calculate p(v).
-6
Let v(l) = -l**3 - 7*l**2 + 2*l + 1. Suppose 6*r = 40 + 2. Let w = r + -14. What is v(w)?
-13
Let n(q) be the third derivative of -q**7/504 - q**6/360 + q**5/60 - 4*q**4/3 + 9*q**2 + 3. Let h(y) be the second derivative of n(y). Calculate h(2).
-22
Suppose 0 = -2*l - 3 + 19. Suppose 3*n - l = 1. Let s be (-2 - n/1) + -1. Let g(w) = w**2 + 8*w - 3. Determine g(s).
-15
Suppose 4*l - 4*f - f = -15, 3*l + 4*f - 12 = 0. Suppose l*t + 3*t = 0. Let d(h) be the first derivative of h**2/2 - 9*h - 3. Calculate d(t).
-9
Let i(r) be the second derivative of -r**7/2520 + r**6/72 - 11*r**5/120 + 13*r**4/12 + 8*r. Let v(a) be the third derivative of i(a). What is v(9)?
-2
Let c(i) = 4*i - 8. Let q(p) = 5*p - 9. Let g(b) = 6*c(b) - 5*q(b). Suppose -3*r = 2*r - 95. Let s be r/(-4) + (-3)/12. Give g(s).
2
Let r(s) = -s**2 - 6*s + 1. Suppose -2*l - 54 = -4*m, 27 = m + 2*l + 2*l. Let n be 1/5 - (-3 - (-123)/m). Give r(n).
6
Let a be 0 + 110/33*(-4 - -1). Let z(f) = -f**2 - 10*f + 5. Give z(a).
5
Let n(g) = g**2 - 4*g - 7. Let j(q) = -q**3 - 9*q**2 - 7*q + 53. Let h be j(-7). Determine n(h).
-7
Let x(d) = 2*d + 4. Suppose 0 = 2*v + h - 2, -3*h + 8*h = -5*v - 5. Suppose v*k + w = -w - 25, -2*k = -w + 5. Give x(k).
-6
Suppose 30 = r + 3*s, 4*s + 29 = 2*r + 9. Let i(b) = b**3 - 18*b**2 + b - 16. Calculate i(r).
2
Let h(k) be the first derivative of k**4/24 + k**3/3 + 5*k**2/2 - 2. Let p(r) be the second derivative of h(r). Calculate p(0).
2
Let y(j) be the third derivative of -11*j**5/60 - j**4/12 - j**3/6 + 3*j**2. Suppose 39 = c + 2*h, -5*c + 275 - 68 = -2*h. Let m = c + -42. Calculate y(m).
-10
Suppose -12 = -217*y + 214*y. Let a(u) = -u**3 + 5*u**2 - 8*u + 9. Determine a(y).
-7
Let l(b) = -b - 5. Let x(q) = -q. Let o(n) = -3*l(n) + 4*x(n). Give o(6).
9
Let a(q) be the first derivative of -3*q**2/2 - 3*q + 10. Let r(z) = -z - 1. Let j(h) = -2*a(h) + 5*r(h). What is j(-6)?
-5
Let x(u) be the first derivative of u**4 - u**2/2 - u - 748. Suppose 3*t + 1 = 2*t. Determine x(t).
-4
Let i(l) be the first derivative of -l**3/3 - 11*l**2/2 - 4*l - 77. Give i(-7).
24
Let a be (-9)/2*(-2)/(-3). Let w be 0 + (1 - a) + -1. Let k(l) = -8 - 2*l**2 + 0*l + w*l**2 - 5*l. Give k(7).
6
Let d(x) = -x**3 - 4*x**2 + 5*x + 2. Let z(i) = 5*i. Suppose -3 = -5*p + 2*u, -5*p + 7 = -7*u + 4*u. Let s be z(p). What is d(s)?
2
Let a be 1/(-3) - 476/(-6). Let j be -1 - (a - -2)/3. Let t be (24/j)/((-2)/14). Let q(w) = w**2 - 4*w - 8. What is q(t)?
4
Let q = 20 + -13. Let a(d) = -5*d**2 + 9*d + 2. Let c(i) = 4*i**2 + i. Let z(y) = a(y) + c(y). Calculate z(q).
23
Suppose -90*p = -92*p - 2. Let v(j) be the second derivative of -2*j**4/3 + j**3/3 + j**2/2 - 5*j. Calculate v(p).
-9
Let k(i) = -i**3 + i**2 + i + 1. Let d be k(0). Suppose 3*j = 4*u + 7, 5*j - 10 = -3*u - 8. Let f be j/(1*(d - 2)). Let l(w) = -w**2 - 1. What is l(f)?
-2
Suppose -1 = -2*c + 3. Let q(b) = 2*b**c + b**2 + 2*b + 2*b**3 + 2 - b**3. Let m be (0 + (-9)/(-12))/(5/(-20)). Determine q(m).
-4
Let g(p) = -2*p - 3. Suppose -7*j + 29 = 64. Calculate g(j).
7
Let b(w) = w**2 + 6*w - 2. Let c be 3/(-2)*(-308)/(-33). Let a = c + 9. What is b(a)?
-7
Let p(d) = d**2 - 1. Let h(k) = 4*k**2 + 6*k - 9. Let b(j) = h(j) - 5*p(j). Let a be (-70)/(-6) - (-6)/(-9). Suppose a = 4*g - 13. Calculate b(g).
-4
Let z(w) be the first derivative of -w**5/120 + w**4/12 - 2*w**3/3 - 2. Let y(a) be the third derivative of z(a). Let h be 4/6 + (-374)/66. Determine y(h).
7
Let d(l) = -l**2 - 4*l - 1. Let o(k) = -k**2 - k - 1. Let p(y) = 3*y**2 - 8*y + 5. Let a(w) = -2*o(w) - p(w). Let m be a(10). What is d(m)?
2
Let d(s) = s**2 + 1. Let n(h) = -4*h**2 - 88*h + 1. Let x be n(-22). Determine d(x).
2
Let l(k) = 3*k. Let o(q) be the first derivative of q**3/3 - 3*q**2/2 - q - 14. Let r be o(3). What is l(r)?
-3
Let k(a) = a + 21. Let q be (9/6)/((-30)/140). Determine k(q).
14
Let m be 0 + 0 - 1 - 2. Let q(d) be the first derivative of 5*d**3/6 + d**2 + 23*d - 24. Let t(h) be the first derivative of q(h). Give t(m).
-13
Let l(c) = -c + 3. Let m be l(0). Let b be 2/((-44)/(-12) - m). Let g(h) = h - 1 - 2 - 8 + b. Determine g(6).
-2
Let t(h) = -11*h**2 + 2*h - 6. Let d(z) = -10*z**2 + 2*z - 5. Let g(u) = 6*d(u) - 5*t(u). Give g(1).
-3
Let f be 1*(10 + 1 - 2). Suppose 0 = 4*t - f*t + 10. Let i(o) = -20 - 14 + 35 + 0*o - o. Give i(t).
-1
Let g be 2/(-2) + 71/3*3. Let p(f) = -5*f**3 - 74*f + 143*f - g*f + 2*f**2. What is p(1)?
-4
Let g = -17 + 18. Let o(u) = -1 + 5 - 6*u + g + 7*u. Let n(j) = -4*j - 16. Let c(w) = -5*n(w) - 16*o(w). Determine c(-1).
-4
Let m(t) = 5*t - 7. Let j(o) = o - 2. Let x(h) = -9*j(h) + 2*m(h). Let d(n) = -26 + 25*n + 22*n - 69*n + 24*n. Let s be d(12). Calculate x(s).
2
Let o(r) = r**2 + 11*r + 12. Let n = 32 - 29. Suppose 5*s - 34 = k, -26 = 4*k + 5*s - n*s. Calculate o(k).
-6
Let y(h) = -262*h**2 + 5 + h**3 + 531*h**2 - 261*h**2. What is y(-8)?
5
Let k(n) = 2*n - 5. Let y(u) = -u**3 - 5*u**2 - 6*u - 6. Let a be y(-4). Suppose j = a, -3*r + 10 = 3*j - 14. What is k(r)?
7
Let k(f) = f + 8. Let y(w) = -3*w - 17. Let j(v) = -5*k(v) - 2*y(v). Let z(n) = -39*n + 970. Let i be z(25). Give j(i).
-11
Suppose 2*w = 5*s + 4, -2*w - w = -2*s - 6. Let t(k) = -4*k. Give t(s).
0
Let b(p) = -43*p - 53. Let o(t) = 15*t + 19. Let n(d) = -6*b(d) - 17*o(d). Determine n(2).
1
Let h(q) = -4*q + 20. Let d(p) = -3*p + 27. Let z(i) = -3*d(i) + 4*h(i). Determine z(-2).
13
Let j(n) = -26*n**3 + 2*n - 5 + 25*n**3 - 5*n**2 + 0*n**2. Suppose 9*m - 12 = 11*m. Calculate j(m).
19
Let k(j) = j**3 + 14*j**2 - 14*j + 17. Let v be k(-15). Let a be 20 + (-12)/4 + v. Let n(p) = 21*p + a*p - 37*p. Calculate n(-1).
-3
Suppose 4*h + 5*z + 19 